[INFO] cloning repository https://github.com/ruscur/swagladder
[INFO] running `Command { std: "git" "-c" "credential.helper=" "-c" "credential.helper=/workspace/cargo-home/bin/git-credential-null" "clone" "--bare" "https://github.com/ruscur/swagladder" "/workspace/cache/git-repos/https%3A%2F%2Fgithub.com%2Fruscur%2Fswagladder", kill_on_drop: false }`
[INFO] [stderr] Cloning into bare repository '/workspace/cache/git-repos/https%3A%2F%2Fgithub.com%2Fruscur%2Fswagladder'...
[INFO] running `Command { std: "git" "rev-parse" "HEAD", kill_on_drop: false }`
[INFO] [stdout] bcfc3f7a832337e805998e3d8911c3718b2d8b9e
[INFO] checking ruscur/swagladder against master#cfbc6d4cf1acbac5c025acf8ed68929caa551df3 for pr-75494-beta
[INFO] running `Command { std: "git" "clone" "/workspace/cache/git-repos/https%3A%2F%2Fgithub.com%2Fruscur%2Fswagladder" "/workspace/builds/worker-7/source", kill_on_drop: false }`
[INFO] [stderr] Cloning into '/workspace/builds/worker-7/source'...
[INFO] [stderr] done.
[INFO] validating manifest of git repo https://github.com/ruscur/swagladder on toolchain cfbc6d4cf1acbac5c025acf8ed68929caa551df3
[INFO] running `Command { std: "/workspace/cargo-home/bin/cargo" "+cfbc6d4cf1acbac5c025acf8ed68929caa551df3" "read-manifest" "--manifest-path" "Cargo.toml", kill_on_drop: false }`
[INFO] started tweaking git repo https://github.com/ruscur/swagladder
[INFO] finished tweaking git repo https://github.com/ruscur/swagladder
[INFO] tweaked toml for git repo https://github.com/ruscur/swagladder written to /workspace/builds/worker-7/source/Cargo.toml
[INFO] crate git repo https://github.com/ruscur/swagladder already has a lockfile, it will not be regenerated
[INFO] running `Command { std: "/workspace/cargo-home/bin/cargo" "+cfbc6d4cf1acbac5c025acf8ed68929caa551df3" "fetch" "--locked" "--manifest-path" "Cargo.toml", kill_on_drop: false }`
[INFO] [stderr]     Updating git repository `https://github.com/ruscur/inth-oauth2.git`
[INFO] [stderr]  Downloading crates ...
[INFO] [stderr]   Downloaded handlebars-iron v0.22.0
[INFO] [stderr]   Downloaded handlebars v0.24.2
[INFO] [stderr]   Downloaded r2d2 v0.7.1
[INFO] [stderr]   Downloaded gcc v0.3.42
[INFO] [stderr]   Downloaded iron-sessionstorage v0.6.3
[INFO] [stderr]   Downloaded r2d2_redis v0.5.1
[INFO] [stderr]   Downloaded redis v0.7.1
[INFO] [stderr]   Downloaded hyper v0.10.3
[INFO] running `Command { std: "docker" "create" "-v" "/var/lib/crater-agent-workspace/builds/worker-7/target:/opt/rustwide/target:rw,Z" "-v" "/var/lib/crater-agent-workspace/builds/worker-7/source:/opt/rustwide/workdir:ro,Z" "-v" "/var/lib/crater-agent-workspace/cargo-home:/opt/rustwide/cargo-home:ro,Z" "-v" "/var/lib/crater-agent-workspace/rustup-home:/opt/rustwide/rustup-home:ro,Z" "-e" "SOURCE_DIR=/opt/rustwide/workdir" "-e" "CARGO_TARGET_DIR=/opt/rustwide/target" "-e" "CARGO_HOME=/opt/rustwide/cargo-home" "-e" "RUSTUP_HOME=/opt/rustwide/rustup-home" "-w" "/opt/rustwide/workdir" "-m" "1610612736" "--user" "0:0" "--network" "none" "rustops/crates-build-env@sha256:a636fd89d022f18117e1dc8fb37a0a009933cdbbe082814857f0e2024962d47c" "/opt/rustwide/cargo-home/bin/cargo" "+cfbc6d4cf1acbac5c025acf8ed68929caa551df3" "metadata" "--no-deps" "--format-version=1", kill_on_drop: false }`
[INFO] [stderr] WARNING: Your kernel does not support swap limit capabilities or the cgroup is not mounted. Memory limited without swap.
[INFO] [stdout] dfc7f4a2e5054ea6ff751b6b8efe55edf36ce478cedb9943eea1312f5aca5141
[INFO] running `Command { std: "docker" "start" "-a" "dfc7f4a2e5054ea6ff751b6b8efe55edf36ce478cedb9943eea1312f5aca5141", kill_on_drop: false }`
[INFO] running `Command { std: "docker" "inspect" "dfc7f4a2e5054ea6ff751b6b8efe55edf36ce478cedb9943eea1312f5aca5141", kill_on_drop: false }`
[INFO] running `Command { std: "docker" "rm" "-f" "dfc7f4a2e5054ea6ff751b6b8efe55edf36ce478cedb9943eea1312f5aca5141", kill_on_drop: false }`
[INFO] [stdout] dfc7f4a2e5054ea6ff751b6b8efe55edf36ce478cedb9943eea1312f5aca5141
[INFO] running `Command { std: "docker" "create" "-v" "/var/lib/crater-agent-workspace/builds/worker-7/target:/opt/rustwide/target:rw,Z" "-v" "/var/lib/crater-agent-workspace/builds/worker-7/source:/opt/rustwide/workdir:ro,Z" "-v" "/var/lib/crater-agent-workspace/cargo-home:/opt/rustwide/cargo-home:ro,Z" "-v" "/var/lib/crater-agent-workspace/rustup-home:/opt/rustwide/rustup-home:ro,Z" "-e" "SOURCE_DIR=/opt/rustwide/workdir" "-e" "CARGO_TARGET_DIR=/opt/rustwide/target" "-e" "CARGO_INCREMENTAL=0" "-e" "RUST_BACKTRACE=full" "-e" "RUSTFLAGS=--cap-lints=forbid" "-e" "CARGO_HOME=/opt/rustwide/cargo-home" "-e" "RUSTUP_HOME=/opt/rustwide/rustup-home" "-w" "/opt/rustwide/workdir" "-m" "1610612736" "--user" "0:0" "--network" "none" "rustops/crates-build-env@sha256:a636fd89d022f18117e1dc8fb37a0a009933cdbbe082814857f0e2024962d47c" "/opt/rustwide/cargo-home/bin/cargo" "+cfbc6d4cf1acbac5c025acf8ed68929caa551df3" "check" "--frozen" "--all" "--all-targets" "--message-format=json", kill_on_drop: false }`
[INFO] [stdout] a42e5eef40bae6b1656662387993acc6b2cd5775b8b10dd3b2e17464c2ef7c09
[INFO] [stderr] WARNING: Your kernel does not support swap limit capabilities or the cgroup is not mounted. Memory limited without swap.
[INFO] running `Command { std: "docker" "start" "-a" "a42e5eef40bae6b1656662387993acc6b2cd5775b8b10dd3b2e17464c2ef7c09", kill_on_drop: false }`
[INFO] [stderr]     Checking libc v0.2.20
[INFO] [stderr]    Compiling winapi-build v0.1.1
[INFO] [stderr]     Checking rustc-serialize v0.3.22
[INFO] [stderr]    Compiling gcc v0.3.42
[INFO] [stderr]     Checking log v0.3.6
[INFO] [stderr]     Checking matches v0.1.4
[INFO] [stderr]     Checking unicode-normalization v0.1.3
[INFO] [stderr]    Compiling backtrace v0.3.0
[INFO] [stderr]     Checking lazy_static v0.2.2
[INFO] [stderr]     Checking traitobject v0.1.0
[INFO] [stderr]     Checking typeable v0.1.2
[INFO] [stderr]     Checking num-traits v0.1.36
[INFO] [stderr]    Compiling rustc-demangle v0.1.3
[INFO] [stderr]    Compiling cfg-if v0.1.0
[INFO] [stderr]     Checking httparse v1.2.1
[INFO] [stderr]     Checking language-tags v0.2.2
[INFO] [stderr]    Compiling toml v0.2.1
[INFO] [stderr]    Compiling siphasher v0.2.1
[INFO] [stderr]     Checking winapi v0.2.8
[INFO] [stderr]    Compiling openssl v0.9.6
[INFO] [stderr]     Checking bitflags v0.7.0
[INFO] [stderr]    Compiling redis v0.7.1
[INFO] [stderr]     Checking antidote v1.0.0
[INFO] [stderr]     Checking pest v0.3.3
[INFO] [stderr]     Checking quick-error v1.1.0
[INFO] [stderr]     Checking route-recognizer v0.1.11
[INFO] [stderr]     Checking serde v0.7.15
[INFO] [stderr]     Checking unicode-bidi v0.2.4
[INFO] [stderr]     Checking unsafe-any v0.4.1
[INFO] [stderr]     Checking error v0.1.9
[INFO] [stderr]     Checking unreachable v0.1.1
[INFO] [stderr]     Checking mime v0.2.2
[INFO] [stderr]    Compiling kernel32-sys v0.2.2
[INFO] [stderr]    Compiling dbghelp-sys v0.2.0
[INFO] [stderr]     Checking r2d2 v0.7.1
[INFO] [stderr]    Compiling unicase v1.4.0
[INFO] [stderr]    Compiling hyper v0.10.3
[INFO] [stderr]    Compiling rand v0.3.15
[INFO] [stderr]     Checking time v0.1.36
[INFO] [stderr]     Checking num_cpus v1.2.1
[INFO] [stderr]     Checking memchr v1.0.1
[INFO] [stderr]     Checking thread-id v3.0.0
[INFO] [stderr]     Checking memchr v0.1.11
[INFO] [stderr]     Checking num-integer v0.1.32
[INFO] [stderr]     Checking serde_json v0.8.6
[INFO] [stderr]     Checking typemap v0.3.3
[INFO] [stderr]     Checking thread_local v0.3.2
[INFO] [stderr]     Checking aho-corasick v0.6.1
[INFO] [stderr]     Checking num-iter v0.1.32
[INFO] [stderr]     Checking walkdir v0.1.8
[INFO] [stderr]     Checking plugin v0.2.6
[INFO] [stderr]     Checking idna v0.1.0
[INFO] [stderr]     Checking phf_shared v0.7.21
[INFO] [stderr]    Compiling backtrace-sys v0.1.5
[INFO] [stderr]     Checking phf v0.7.21
[INFO] [stderr]     Checking regex v0.2.1
[INFO] [stderr]    Compiling phf_generator v0.7.21
[INFO] [stderr]    Compiling phf_codegen v0.7.21
[INFO] [stderr]     Checking tempdir v0.3.5
[INFO] [stderr]    Compiling mime_guess v1.8.1
[INFO] [stderr]     Checking error-chain v0.7.2
[INFO] [stderr]     Checking url v1.4.0
[INFO] [stderr]    Compiling metadeps v1.1.1
[INFO] [stderr]    Compiling openssl-sys v0.9.6
[INFO] [stderr] error: failed to run custom build command for `mime_guess v1.8.1`
[INFO] [stderr] 
[INFO] [stderr] Caused by:
[INFO] [stderr]   process didn't exit successfully: `/opt/rustwide/target/debug/build/mime_guess-69e11bf8cca0d1b6/build-script-gen_mime_types` (exit code: 101)
[INFO] [stderr]   --- stderr
[INFO] [stderr]   thread 'main' panicked at 'called `Result::unwrap()` on an `Err` value: Os { code: 30, kind: Other, message: "Read-only file system" }', /opt/rustwide/cargo-home/registry/src/github.com-1ecc6299db9ec823/mime_guess-1.8.1/src/gen_mime_types.rs:22:67
[INFO] [stderr]   stack backtrace:
[INFO] [stderr]      0:     0x55f6ef221ee5 - backtrace::backtrace::libunwind::trace::h5e2646fa3eddf2ea
[INFO] [stderr]                                  at /cargo/registry/src/github.com-1ecc6299db9ec823/backtrace-0.3.46/src/backtrace/libunwind.rs:86
[INFO] [stderr]      1:     0x55f6ef221ee5 - backtrace::backtrace::trace_unsynchronized::hb95dd7f77ce47877
[INFO] [stderr]                                  at /cargo/registry/src/github.com-1ecc6299db9ec823/backtrace-0.3.46/src/backtrace/mod.rs:66
[INFO] [stderr]      2:     0x55f6ef221ee5 - std::sys_common::backtrace::_print_fmt::h5e71b67af43fd70d
[INFO] [stderr]                                  at src/libstd/sys_common/backtrace.rs:78
[INFO] [stderr]      3:     0x55f6ef221ee5 - <std::sys_common::backtrace::_print::DisplayBacktrace as core::fmt::Display>::fmt::hdb4a83d2b61107e5
[INFO] [stderr]                                  at src/libstd/sys_common/backtrace.rs:59
[INFO] [stderr]      4:     0x55f6ef23f85c - core::fmt::write::ha20e7262fa3e8a7a
[INFO] [stderr]                                  at src/libcore/fmt/mod.rs:1076
[INFO] [stderr]      5:     0x55f6ef2205a2 - std::io::Write::write_fmt::h1aebfe8a5a79e36d
[INFO] [stderr]                                  at src/libstd/io/mod.rs:1537
[INFO] [stderr]      6:     0x55f6ef224320 - std::sys_common::backtrace::_print::h9c07314cc66ba539
[INFO] [stderr]                                  at src/libstd/sys_common/backtrace.rs:62
[INFO] [stderr]      7:     0x55f6ef224320 - std::sys_common::backtrace::print::hd1fd65f49a2d8544
[INFO] [stderr]                                  at src/libstd/sys_common/backtrace.rs:49
[INFO] [stderr]      8:     0x55f6ef224320 - std::panicking::default_hook::{{closure}}::h222da46485ab36fc
[INFO] [stderr]                                  at src/libstd/panicking.rs:198
[INFO] [stderr]      9:     0x55f6ef22406c - std::panicking::default_hook::hc5868949d129ed00
[INFO] [stderr]                                  at src/libstd/panicking.rs:217
[INFO] [stderr]     10:     0x55f6ef224963 - std::panicking::rust_panic_with_hook::h26a6ab8b0993c0c8
[INFO] [stderr]                                  at src/libstd/panicking.rs:526
[INFO] [stderr]     11:     0x55f6ef22455b - rust_begin_unwind
[INFO] [stderr]                                  at src/libstd/panicking.rs:437
[INFO] [stderr]     12:     0x55f6ef23ec61 - core::panicking::panic_fmt::h17139c2000299725
[INFO] [stderr]                                  at src/libcore/panicking.rs:85
[INFO] [stderr]     13:     0x55f6ef23ea83 - core::option::expect_none_failed::h972f96abb4ec8952
[INFO] [stderr]                                  at src/libcore/option.rs:1269
[INFO] [stderr]     14:     0x55f6ef20694b - core::result::Result<T,E>::unwrap::h6b14f320d9485749
[INFO] [stderr]                                  at /rustc/cfbc6d4cf1acbac5c025acf8ed68929caa551df3/src/libcore/result.rs:1005
[INFO] [stderr]     15:     0x55f6ef1ed30f - build_script_gen_mime_types::main::hacf8e9dc14da1ef8
[INFO] [stderr]                                  at /opt/rustwide/cargo-home/registry/src/github.com-1ecc6299db9ec823/mime_guess-1.8.1/src/gen_mime_types.rs:22
[INFO] [stderr]     16:     0x55f6ef1e95bb - std::rt::lang_start::{{closure}}::h3a3d2e5bd1e60ca3
[INFO] [stderr]                                  at /rustc/cfbc6d4cf1acbac5c025acf8ed68929caa551df3/src/libstd/rt.rs:67
[INFO] [stderr]     17:     0x55f6ef224d33 - std::rt::lang_start_internal::{{closure}}::h84a998219831fa70
[INFO] [stderr]                                  at src/libstd/rt.rs:52
[INFO] [stderr]     18:     0x55f6ef224d33 - std::panicking::try::do_call::he8e1d689a3e26def
[INFO] [stderr]                                  at src/libstd/panicking.rs:348
[INFO] [stderr]     19:     0x55f6ef224d33 - std::panicking::try::h264b6eebc2fa7bbf
[INFO] [stderr]                                  at src/libstd/panicking.rs:325
[INFO] [stderr]     20:     0x55f6ef224d33 - std::panic::catch_unwind::hbf28fafa723b2128
[INFO] [stderr]                                  at src/libstd/panic.rs:394
[INFO] [stderr]     21:     0x55f6ef224d33 - std::rt::lang_start_internal::he959aa59bc3ec202
[INFO] [stderr]                                  at src/libstd/rt.rs:51
[INFO] [stderr]     22:     0x55f6ef1e9597 - std::rt::lang_start::hf232dca2e7a0a0a8
[INFO] [stderr]                                  at /rustc/cfbc6d4cf1acbac5c025acf8ed68929caa551df3/src/libstd/rt.rs:67
[INFO] [stderr]     23:     0x55f6ef1ee83a - main
[INFO] [stderr]     24:     0x7fe6d179e0b3 - __libc_start_main
[INFO] [stderr]     25:     0x55f6ef1d717e - _start
[INFO] [stderr]     26:                0x0 - <unknown>
[INFO] [stderr] warning: build failed, waiting for other jobs to finish...
[INFO] [stdout] error[E0713]: borrow may still be in use when destructor runs
[INFO] [stdout]    --> /opt/rustwide/cargo-home/registry/src/github.com-1ecc6299db9ec823/url-1.4.0/src/form_urlencoded.rs:246:40
[INFO] [stdout]     |
[INFO] [stdout] 244 | impl<'a> Target for ::UrlQuery<'a> {
[INFO] [stdout]     |      -- lifetime `'a` defined here
[INFO] [stdout] 245 |     fn as_mut_string(&mut self) -> &mut String { &mut self.url.serialization }
[INFO] [stdout] 246 |     fn finish(self) -> &'a mut ::Url { self.url }
[INFO] [stdout]     |                                        ^^^^^^^^ - here, drop of `self` needs exclusive access to `*self.url`, because the type `UrlQuery<'_>` implements the `Drop` trait
[INFO] [stdout]     |                                        |
[INFO] [stdout]     |                                        returning this value requires that `*self.url` is borrowed for `'a`
[INFO] [stdout] 
[INFO] [stdout] 
[INFO] [stdout] error: aborting due to previous error
[INFO] [stdout] 
[INFO] [stdout] 
[INFO] [stdout] For more information about this error, try `rustc --explain E0713`.
[INFO] [stdout] 
[INFO] [stdout] error: linking with `cc` failed: exit code: 1
[INFO] [stdout]   |
[INFO] [stdout]   = note: "cc" "-Wl,--as-needed" "-Wl,-z,noexecstack" "-m64" "-Wl,--eh-frame-hdr" "-L" "/opt/rustwide/rustup-home/toolchains/cfbc6d4cf1acbac5c025acf8ed68929caa551df3/lib/rustlib/x86_64-unknown-linux-gnu/lib" "/opt/rustwide/target/debug/build/openssl-sys-660d7d95fcf81ad6/build_script_build-660d7d95fcf81ad6.build_script_build.2et8a7ur-cgu.0.rcgu.o" "/opt/rustwide/target/debug/build/openssl-sys-660d7d95fcf81ad6/build_script_build-660d7d95fcf81ad6.build_script_build.2et8a7ur-cgu.1.rcgu.o" "/opt/rustwide/target/debug/build/openssl-sys-660d7d95fcf81ad6/build_script_build-660d7d95fcf81ad6.build_script_build.2et8a7ur-cgu.10.rcgu.o" "/opt/rustwide/target/debug/build/openssl-sys-660d7d95fcf81ad6/build_script_build-660d7d95fcf81ad6.build_script_build.2et8a7ur-cgu.11.rcgu.o" "/opt/rustwide/target/debug/build/openssl-sys-660d7d95fcf81ad6/build_script_build-660d7d95fcf81ad6.build_script_build.2et8a7ur-cgu.12.rcgu.o" "/opt/rustwide/target/debug/build/openssl-sys-660d7d95fcf81ad6/build_script_build-660d7d95fcf81ad6.build_script_build.2et8a7ur-cgu.13.rcgu.o" "/opt/rustwide/target/debug/build/openssl-sys-660d7d95fcf81ad6/build_script_build-660d7d95fcf81ad6.build_script_build.2et8a7ur-cgu.14.rcgu.o" "/opt/rustwide/target/debug/build/openssl-sys-660d7d95fcf81ad6/build_script_build-660d7d95fcf81ad6.build_script_build.2et8a7ur-cgu.15.rcgu.o" "/opt/rustwide/target/debug/build/openssl-sys-660d7d95fcf81ad6/build_script_build-660d7d95fcf81ad6.build_script_build.2et8a7ur-cgu.2.rcgu.o" "/opt/rustwide/target/debug/build/openssl-sys-660d7d95fcf81ad6/build_script_build-660d7d95fcf81ad6.build_script_build.2et8a7ur-cgu.3.rcgu.o" "/opt/rustwide/target/debug/build/openssl-sys-660d7d95fcf81ad6/build_script_build-660d7d95fcf81ad6.build_script_build.2et8a7ur-cgu.4.rcgu.o" "/opt/rustwide/target/debug/build/openssl-sys-660d7d95fcf81ad6/build_script_build-660d7d95fcf81ad6.build_script_build.2et8a7ur-cgu.5.rcgu.o" "/opt/rustwide/target/debug/build/openssl-sys-660d7d95fcf81ad6/build_script_build-660d7d95fcf81ad6.build_script_build.2et8a7ur-cgu.6.rcgu.o" "/opt/rustwide/target/debug/build/openssl-sys-660d7d95fcf81ad6/build_script_build-660d7d95fcf81ad6.build_script_build.2et8a7ur-cgu.7.rcgu.o" "/opt/rustwide/target/debug/build/openssl-sys-660d7d95fcf81ad6/build_script_build-660d7d95fcf81ad6.build_script_build.2et8a7ur-cgu.8.rcgu.o" "/opt/rustwide/target/debug/build/openssl-sys-660d7d95fcf81ad6/build_script_build-660d7d95fcf81ad6.build_script_build.2et8a7ur-cgu.9.rcgu.o" "-o" "/opt/rustwide/target/debug/build/openssl-sys-660d7d95fcf81ad6/build_script_build-660d7d95fcf81ad6" "/opt/rustwide/target/debug/build/openssl-sys-660d7d95fcf81ad6/build_script_build-660d7d95fcf81ad6.5d63rs7ucr303bm.rcgu.o" "-Wl,--gc-sections" "-pie" "-Wl,-zrelro" "-Wl,-znow" "-nodefaultlibs" "-L" "/opt/rustwide/target/debug/deps" "-L" "/opt/rustwide/rustup-home/toolchains/cfbc6d4cf1acbac5c025acf8ed68929caa551df3/lib/rustlib/x86_64-unknown-linux-gnu/lib" "-Wl,-Bstatic" "/opt/rustwide/target/debug/deps/libmetadeps-65c695562855e80f.rlib" "/opt/rustwide/target/debug/deps/libtoml-75ae51c25a78e096.rlib" "/opt/rustwide/target/debug/deps/libpkg_config-31022ff42438778b.rlib" "/opt/rustwide/target/debug/deps/liberror_chain-791a63f3d5755abe.rlib" "/opt/rustwide/target/debug/deps/libbacktrace-a0dffa831ec52631.rlib" "/opt/rustwide/target/debug/deps/libbacktrace_sys-4cff4ae4552ded4d.rlib" "/opt/rustwide/target/debug/deps/librustc_demangle-bb1e9b9c91f65547.rlib" "/opt/rustwide/target/debug/deps/libcfg_if-e520603e5e391271.rlib" "/opt/rustwide/target/debug/deps/libdbghelp-a8e91854f2a89c0f.rlib" "/opt/rustwide/target/debug/deps/libwinapi-08f0135bab856b5b.rlib" "/opt/rustwide/target/debug/deps/libkernel32-cceb62b1a55bf6d7.rlib" "/opt/rustwide/target/debug/deps/liblibc-df510867925204a7.rlib" "-Wl,--start-group" "/opt/rustwide/rustup-home/toolchains/cfbc6d4cf1acbac5c025acf8ed68929caa551df3/lib/rustlib/x86_64-unknown-linux-gnu/lib/libstd-d66e0ceb8eaec9b8.rlib" "/opt/rustwide/rustup-home/toolchains/cfbc6d4cf1acbac5c025acf8ed68929caa551df3/lib/rustlib/x86_64-unknown-linux-gnu/lib/libpanic_unwind-9717ec0599b569a0.rlib" "/opt/rustwide/rustup-home/toolchains/cfbc6d4cf1acbac5c025acf8ed68929caa551df3/lib/rustlib/x86_64-unknown-linux-gnu/lib/libhashbrown-04369de9ba916647.rlib" "/opt/rustwide/rustup-home/toolchains/cfbc6d4cf1acbac5c025acf8ed68929caa551df3/lib/rustlib/x86_64-unknown-linux-gnu/lib/librustc_std_workspace_alloc-997d622c2e4dbe5c.rlib" "/opt/rustwide/rustup-home/toolchains/cfbc6d4cf1acbac5c025acf8ed68929caa551df3/lib/rustlib/x86_64-unknown-linux-gnu/lib/libbacktrace-0359c4288a5ef89f.rlib" "/opt/rustwide/rustup-home/toolchains/cfbc6d4cf1acbac5c025acf8ed68929caa551df3/lib/rustlib/x86_64-unknown-linux-gnu/lib/libbacktrace_sys-1b25ede22d698ab3.rlib" "/opt/rustwide/rustup-home/toolchains/cfbc6d4cf1acbac5c025acf8ed68929caa551df3/lib/rustlib/x86_64-unknown-linux-gnu/lib/librustc_demangle-37940b486a68e488.rlib" "/opt/rustwide/rustup-home/toolchains/cfbc6d4cf1acbac5c025acf8ed68929caa551df3/lib/rustlib/x86_64-unknown-linux-gnu/lib/libunwind-06b77c27e794c7c6.rlib" "/opt/rustwide/rustup-home/toolchains/cfbc6d4cf1acbac5c025acf8ed68929caa551df3/lib/rustlib/x86_64-unknown-linux-gnu/lib/libcfg_if-4d07e02a8df36da1.rlib" "/opt/rustwide/rustup-home/toolchains/cfbc6d4cf1acbac5c025acf8ed68929caa551df3/lib/rustlib/x86_64-unknown-linux-gnu/lib/liblibc-fb29e0695c0a0f79.rlib" "/opt/rustwide/rustup-home/toolchains/cfbc6d4cf1acbac5c025acf8ed68929caa551df3/lib/rustlib/x86_64-unknown-linux-gnu/lib/liballoc-e16188b4cf97e8bb.rlib" "/opt/rustwide/rustup-home/toolchains/cfbc6d4cf1acbac5c025acf8ed68929caa551df3/lib/rustlib/x86_64-unknown-linux-gnu/lib/librustc_std_workspace_core-5eb391c8dabdee77.rlib" "/opt/rustwide/rustup-home/toolchains/cfbc6d4cf1acbac5c025acf8ed68929caa551df3/lib/rustlib/x86_64-unknown-linux-gnu/lib/libcore-b0689b528b222bee.rlib" "-Wl,--end-group" "/opt/rustwide/rustup-home/toolchains/cfbc6d4cf1acbac5c025acf8ed68929caa551df3/lib/rustlib/x86_64-unknown-linux-gnu/lib/libcompiler_builtins-ed072ac495e62e7a.rlib" "-Wl,-Bdynamic" "-lutil" "-ldl" "-lrt" "-lpthread" "-lgcc_s" "-lc" "-lm" "-lrt" "-lpthread" "-lutil" "-ldl" "-lutil"
[INFO] [stdout]   = note: /usr/bin/ld: /opt/rustwide/target/debug/deps/libbacktrace-a0dffa831ec52631.rlib(backtrace-a0dffa831ec52631.backtrace.ba23zjzq-cgu.13.rcgu.o): in function `backtrace::symbolize::libbacktrace::init_state::{{closure}}':
[INFO] [stdout]           /opt/rustwide/cargo-home/registry/src/github.com-1ecc6299db9ec823/backtrace-0.3.0/src/symbolize/libbacktrace.rs:156: undefined reference to `backtrace_create_state'
[INFO] [stdout]           /usr/bin/ld: /opt/rustwide/target/debug/deps/libbacktrace-a0dffa831ec52631.rlib(backtrace-a0dffa831ec52631.backtrace.ba23zjzq-cgu.13.rcgu.o): in function `backtrace::symbolize::libbacktrace::resolve':
[INFO] [stdout]           /opt/rustwide/cargo-home/registry/src/github.com-1ecc6299db9ec823/backtrace-0.3.0/src/symbolize/libbacktrace.rs:173: undefined reference to `backtrace_pcinfo'
[INFO] [stdout]           /usr/bin/ld: /opt/rustwide/cargo-home/registry/src/github.com-1ecc6299db9ec823/backtrace-0.3.0/src/symbolize/libbacktrace.rs:177: undefined reference to `backtrace_syminfo'
[INFO] [stdout]           collect2: error: ld returned 1 exit status
[INFO] [stdout]           
[INFO] [stdout] 
[INFO] [stdout] 
[INFO] [stdout] error: aborting due to previous error
[INFO] [stdout] 
[INFO] [stdout] 
[INFO] [stderr] error: build failed
[INFO] running `Command { std: "docker" "inspect" "a42e5eef40bae6b1656662387993acc6b2cd5775b8b10dd3b2e17464c2ef7c09", kill_on_drop: false }`
[INFO] running `Command { std: "docker" "rm" "-f" "a42e5eef40bae6b1656662387993acc6b2cd5775b8b10dd3b2e17464c2ef7c09", kill_on_drop: false }`
[INFO] [stdout] a42e5eef40bae6b1656662387993acc6b2cd5775b8b10dd3b2e17464c2ef7c09
